{"id":2280,"date":"2019-12-02T03:40:59","date_gmt":"2019-12-02T02:40:59","guid":{"rendered":"https:\/\/bluepreven.es\/agesmed\/?page_id=2280"},"modified":"2020-08-04T01:35:55","modified_gmt":"2020-08-03T23:35:55","slug":"privacidad-datos-personales","status":"publish","type":"page","link":"https:\/\/bluepreven.es\/agesmed\/privacidad-datos-personales\/","title":{"rendered":"Privacidad &#8211; Datos Personales"},"content":{"rendered":"<div id=\"cs-content\" class=\"cs-content\"  >\n<div class=\"e2280-1 x-section\">\n      \n<div class=\"e2280-2 x-row x-container max width\">\n    <div class=\"x-row-inner\">\n<div class=\"e2280-3 x-col\">\n    \n<div class=\"e2280-4 x-content-area\">\n  <p style=\"text-align: center;\">\n<div class=\"e cs-content x-global-block x-global-block-2283\">\n  \n<div class=\"e2283-1 x-section\">\n      \n<div class=\"e2283-2 x-container max width\">\n    \n<div class=\"e2283-3 x-column x-sm x-1-3\">\n    &nbsp;<\/div>\n\n<div class=\"e2283-4 x-column x-sm x-1-3\" data-fade=\"1\" data-x-element=\"column\" data-x-params=\"{&quot;fade&quot;:true}\" style=\"opacity: 0; transform: translate(0, -150px); transition-duration: 1.5s;\">\n    \n<div class=\"e2283-5 x-text button x-acc-header x-text-headline\">\n  <div class=\"x-text-content\"><div class=\"x-text-content-text\"><h1 class=\"x-text-content-text-primary\"><p style=\"text-align: center;\"><strong>USO P\u00daBLICO DEL MARKET\u00a0<\/strong><\/p><\/h1><span class=\"x-text-content-text-subheadline\"><p style=\"text-align: center;\"><span style=\"color: #ffcc00;\">T\u00c9RMINOS LEGALES<\/span><\/p><\/span><\/div><\/div><\/div>\n<\/div>\n\n<div class=\"e2283-6 x-column x-sm x-1-3\">\n    &nbsp;<\/div>\n<\/div>\n\n<div class=\"e2283-7 x-container max width\">\n    \n<div class=\"e2283-8 x-column x-sm x-1-3\">\n    &nbsp;<\/div>\n\n<div class=\"e2283-9 x-column x-sm x-1-3\" data-fade=\"1\" data-x-element=\"column\" data-x-params=\"{&quot;fade&quot;:true}\" style=\"opacity: 0; transform: translate(-250px, 0); transition-duration: 2s;\">\n    \n<div class=\"e2283-10 x-tabs button x-acc-header \" data-x-element=\"tabs\" data-x-params=\"{&quot;equalPanelHeight&quot;:true}\">\n\n  <div class=\"x-tabs-list\">\n    <ul role=\"tablist\">\n\n\n      \n        \n        <li role=\"presentation\">\n          <button id=\"tab-2283-e2283-11\" class=\"e2283-e2283-11 x-active \" role=\"tab\" aria-selected=\"true\" aria-controls=\"panel-2283-e2283-11\" data-x-toggle=\"tab\" data-x-toggleable=\"tab-item-2283-e2283-11\" data-x-toggle-group=\"tab-group-e2283-10\">\n            <span><p style=\"text-align: center;\"><a title=\"AVISO LEGAL\">1<\/a><\/p><\/span>\n          <\/button>\n        <\/li>\n\n      \n        \n        <li role=\"presentation\">\n          <button id=\"tab-2283-e2283-12\" class=\"e2283-e2283-12 \" role=\"tab\" aria-selected=\"false\" aria-controls=\"panel-2283-e2283-12\" data-x-toggle=\"tab\" data-x-toggleable=\"tab-item-2283-e2283-12\" data-x-toggle-group=\"tab-group-e2283-10\">\n            <span><p style=\"text-align: center;\"><a title=\"POL\u00cdTICA DE PRIVACIDAD\">2<\/a><\/p><\/span>\n          <\/button>\n        <\/li>\n\n      \n        \n        <li role=\"presentation\">\n          <button id=\"tab-2283-e2283-13\" class=\"e2283-e2283-13 \" role=\"tab\" aria-selected=\"false\" aria-controls=\"panel-2283-e2283-13\" data-x-toggle=\"tab\" data-x-toggleable=\"tab-item-2283-e2283-13\" data-x-toggle-group=\"tab-group-e2283-10\">\n            <span><p style=\"text-align: center;\"><a title=\"POL\u00cdTICA DE COOKIES\">3<\/a><\/p><\/span>\n          <\/button>\n        <\/li>\n\n      \n        \n        <li role=\"presentation\">\n          <button id=\"tab-2283-e2283-14\" class=\"e2283-e2283-14 \" role=\"tab\" aria-selected=\"false\" aria-controls=\"panel-2283-e2283-14\" data-x-toggle=\"tab\" data-x-toggleable=\"tab-item-2283-e2283-14\" data-x-toggle-group=\"tab-group-e2283-10\">\n            <span><p style=\"text-align: center;\"><a title=\"GARANT\u00cdAS POSTVENTA\">4<\/a><\/p><\/span>\n          <\/button>\n        <\/li>\n\n      \n        \n        <li role=\"presentation\">\n          <button id=\"tab-2283-e2283-15\" class=\"e2283-e2283-15 \" role=\"tab\" aria-selected=\"false\" aria-controls=\"panel-2283-e2283-15\" data-x-toggle=\"tab\" data-x-toggleable=\"tab-item-2283-e2283-15\" data-x-toggle-group=\"tab-group-e2283-10\">\n            <span><p style=\"text-align: center;\"><a title=\"INFORMACI\u00d3N ADICIONAL COOKIES\">5<\/a><\/p><\/span>\n          <\/button>\n        <\/li>\n\n      \n    <\/ul>\n  <\/div>\n\n  <div class=\"x-tabs-panels\">\n\n    \n      \n      <div class=\"e2283-e2283-11 x-tabs-panel  x-active \" role=\"tabpanel\" aria-labelledby=\"tab-2283-e2283-11\" aria-hidden=\"false\" data-x-toggleable=\"tab-item-2283-e2283-11\" id=\"panel-2283-e2283-11\">\n        <p style=\"text-align: center;\"><a href=\"https:\/\/drive.google.com\/file\/d\/16-NkuQDlmRL5JpP38H0upMGV_UWHNmcR\/view?usp=sharing\" target=\"_blank\" rel=\"noopener\">AVISO LEGAL<\/a><br \/>\n<a href=\"https:\/\/drive.google.com\/file\/d\/16-NkuQDlmRL5JpP38H0upMGV_UWHNmcR\/view?usp=sharing\" target=\"_blank\" rel=\"noopener\">T\u00c9RMINOS Y CONDICIONES<\/a><\/p>      <\/div>\n\n    \n      \n      <div class=\"e2283-e2283-12 x-tabs-panel  \" role=\"tabpanel\" aria-labelledby=\"tab-2283-e2283-12\" aria-hidden=\"true\" data-x-toggleable=\"tab-item-2283-e2283-12\" id=\"panel-2283-e2283-12\">\n        <p style=\"text-align: center;\"><a href=\"https:\/\/drive.google.com\/file\/d\/1HYCV82tdVDXLUxgKLMQ_fjfqzqqU5A6O\/view?usp=sharing\" target=\"_blank\" rel=\"noopener\">CONOZCA NUESTRA<\/a><br \/>\n<a href=\"https:\/\/drive.google.com\/file\/d\/1HYCV82tdVDXLUxgKLMQ_fjfqzqqU5A6O\/view?usp=sharing\" target=\"_blank\" rel=\"noopener\">POLITICA DE PRIVACIDAD<\/a><\/p>      <\/div>\n\n    \n      \n      <div class=\"e2283-e2283-13 x-tabs-panel  \" role=\"tabpanel\" aria-labelledby=\"tab-2283-e2283-13\" aria-hidden=\"true\" data-x-toggleable=\"tab-item-2283-e2283-13\" id=\"panel-2283-e2283-13\">\n        <p style=\"text-align: center;\"><a href=\"https:\/\/drive.google.com\/file\/d\/1UGgRfrY84btUXizZjhX6n5Fy2oAsDfJk\/view?usp=sharing\" target=\"_blank\" rel=\"noopener\">POL\u00cdTICA DE COOKIES<\/a><br \/>\n<a href=\"https:\/\/drive.google.com\/file\/d\/1UGgRfrY84btUXizZjhX6n5Fy2oAsDfJk\/view?usp=sharing\" target=\"_blank\" rel=\"noopener\">REGISTRO \"ZONA PERSONAL\"<\/a><\/p>      <\/div>\n\n    \n      \n      <div class=\"e2283-e2283-14 x-tabs-panel  \" role=\"tabpanel\" aria-labelledby=\"tab-2283-e2283-14\" aria-hidden=\"true\" data-x-toggleable=\"tab-item-2283-e2283-14\" id=\"panel-2283-e2283-14\">\n        <p style=\"text-align: center;\"><a href=\"https:\/\/drive.google.com\/file\/d\/1XYnuIGbDfg1cEiAQYK7p1djRcmPIe0jL\/view?usp=sharing\" target=\"_blank\" rel=\"noopener\">LOG\u00cdSTICA Y TRANSPORTE<\/a><br \/>\n<a href=\"https:\/\/drive.google.com\/file\/d\/1XYnuIGbDfg1cEiAQYK7p1djRcmPIe0jL\/view?usp=sharing\" target=\"_blank\" rel=\"noopener\">\"DEVOLUCIONES\"<\/a><\/p>      <\/div>\n\n    \n      \n      <div class=\"e2283-e2283-15 x-tabs-panel  \" role=\"tabpanel\" aria-labelledby=\"tab-2283-e2283-15\" aria-hidden=\"true\" data-x-toggleable=\"tab-item-2283-e2283-15\" id=\"panel-2283-e2283-15\">\n        <p style=\"text-align: center;\"><a href=\"https:\/\/bluepreven.es\/agesmed\/portal\" target=\"_blank\" rel=\"noopener\">PORTAL BLUEPREVEN\u00a0<\/a><br \/>\n<a href=\"https:\/\/bluepreven.es\/agesmed\/hola\" target=\"_blank\" rel=\"noopener\">ACERCA DE NOSOTROS<\/a><\/p>      <\/div>\n\n    \n  <\/div>\n\n<\/div>\n<\/div>\n\n<div class=\"e2283-16 x-column x-sm x-1-3\">\n    &nbsp;<\/div>\n<\/div>\n    <\/div>\n<\/div>\n<\/p><\/div>\n  <\/div>\n<\/div>\n  <\/div>\n    <\/div>\n<\/div>\n\n<div class=\"twitter-share\"><a href=\"https:\/\/twitter.com\/intent\/tweet?via=bluepreven\" class=\"twitter-share-button\" data-size=\"large\">Twittear<\/a><\/div>\n","protected":false},"excerpt":{"rendered":"<p>&nbsp; USO P\u00daBLICO DEL MARKET\u00a0T\u00c9RMINOS LEGALES &nbsp; &nbsp; 1 2 3 4 5 AVISO LEGAL T\u00c9RMINOS Y CONDICIONES CONOZCA NUESTRA POLITICA DE PRIVACIDAD POL\u00cdTICA DE COOKIES REGISTRO \u00abZONA PERSONAL\u00bb LOG\u00cdSTICA Y TRANSPORTE \u00abDEVOLUCIONES\u00bb PORTAL BLUEPREVEN\u00a0 ACERCA DE NOSOTROS &nbsp;<\/p>\n","protected":false},"author":1,"featured_media":0,"parent":0,"menu_order":0,"comment_status":"closed","ping_status":"closed","template":"","meta":{"_joinchat":[],"footnotes":""},"class_list":["post-2280","page","type-page","status-publish","hentry"],"amp_enabled":true,"_links":{"self":[{"href":"https:\/\/bluepreven.es\/agesmed\/wp-json\/wp\/v2\/pages\/2280","targetHints":{"allow":["GET"]}}],"collection":[{"href":"https:\/\/bluepreven.es\/agesmed\/wp-json\/wp\/v2\/pages"}],"about":[{"href":"https:\/\/bluepreven.es\/agesmed\/wp-json\/wp\/v2\/types\/page"}],"author":[{"embeddable":true,"href":"https:\/\/bluepreven.es\/agesmed\/wp-json\/wp\/v2\/users\/1"}],"replies":[{"embeddable":true,"href":"https:\/\/bluepreven.es\/agesmed\/wp-json\/wp\/v2\/comments?post=2280"}],"version-history":[{"count":5,"href":"https:\/\/bluepreven.es\/agesmed\/wp-json\/wp\/v2\/pages\/2280\/revisions"}],"predecessor-version":[{"id":2287,"href":"https:\/\/bluepreven.es\/agesmed\/wp-json\/wp\/v2\/pages\/2280\/revisions\/2287"}],"wp:attachment":[{"href":"https:\/\/bluepreven.es\/agesmed\/wp-json\/wp\/v2\/media?parent=2280"}],"curies":[{"name":"wp","href":"https:\/\/api.w.org\/{rel}","templated":true}]}}