{"id":171,"date":"2019-05-14T15:45:18","date_gmt":"2019-05-14T13:45:18","guid":{"rendered":"http:\/\/localhost\/webs06\/bluepreven\/?page_id=171"},"modified":"2019-08-11T14:43:40","modified_gmt":"2019-08-11T12:43:40","slug":"terminos-y-condiciones","status":"publish","type":"page","link":"https:\/\/bluepreven.es\/agesmed\/terminos-y-condiciones\/","title":{"rendered":"Condiciones"},"content":{"rendered":"<div id=\"cs-content\" class=\"cs-content\"  >\n<div class=\"e171-1 x-section\">\n      \n<div class=\"e171-2 x-container max width\">\n    \n<div class=\"e171-3 x-column x-sm x-1-3\">\n    &nbsp;<\/div>\n\n<div class=\"e171-4 x-column x-sm x-1-3\" data-fade=\"1\" data-x-element=\"column\" data-x-params=\"{&quot;fade&quot;:true}\" style=\"opacity: 0; transform: translate(0, -150px); transition-duration: 1.5s;\">\n    \n<div class=\"e171-5 x-text button x-acc-header x-text-headline\">\n  <div class=\"x-text-content\"><div class=\"x-text-content-text\"><h1 class=\"x-text-content-text-primary\"><p style=\"text-align: center;\"><strong>USO P\u00daBLICO DE LA WEB\u00a0<\/strong><\/p><\/h1><span class=\"x-text-content-text-subheadline\"><p style=\"text-align: center;\"><span style=\"color: #ffcc00;\">T\u00c9RMINOS LEGALES<\/span><\/p><\/span><\/div><\/div><\/div>\n<\/div>\n\n<div class=\"e171-6 x-column x-sm x-1-3\">\n    &nbsp;<\/div>\n<\/div>\n\n<div class=\"e171-7 x-container max width\">\n    \n<div class=\"e171-8 x-column x-sm x-1-3\">\n    &nbsp;<\/div>\n\n<div class=\"e171-9 x-column x-sm x-1-3\" data-fade=\"1\" data-x-element=\"column\" data-x-params=\"{&quot;fade&quot;:true}\" style=\"opacity: 0; transform: translate(-250px, 0); transition-duration: 2s;\">\n    \n<div class=\"e171-10 x-tabs button x-acc-header \" data-x-element=\"tabs\" data-x-params=\"{&quot;equalPanelHeight&quot;:true}\">\n\n  <div class=\"x-tabs-list\">\n    <ul role=\"tablist\">\n\n\n      \n        \n        <li role=\"presentation\">\n          <button id=\"tab-171-e171-11\" class=\"e171-e171-11 x-active \" role=\"tab\" aria-selected=\"true\" aria-controls=\"panel-171-e171-11\" data-x-toggle=\"tab\" data-x-toggleable=\"tab-item-171-e171-11\" data-x-toggle-group=\"tab-group-e171-10\">\n            <span><p style=\"text-align: center;\"><a title=\"AVISO LEGAL\">1<\/a><\/p><\/span>\n          <\/button>\n        <\/li>\n\n      \n        \n        <li role=\"presentation\">\n          <button id=\"tab-171-e171-12\" class=\"e171-e171-12 \" role=\"tab\" aria-selected=\"false\" aria-controls=\"panel-171-e171-12\" data-x-toggle=\"tab\" data-x-toggleable=\"tab-item-171-e171-12\" data-x-toggle-group=\"tab-group-e171-10\">\n            <span><p style=\"text-align: center;\"><a title=\"POL\u00cdTICA DE PRIVACIDAD\">2<\/a><\/p><\/span>\n          <\/button>\n        <\/li>\n\n      \n        \n        <li role=\"presentation\">\n          <button id=\"tab-171-e171-13\" class=\"e171-e171-13 \" role=\"tab\" aria-selected=\"false\" aria-controls=\"panel-171-e171-13\" data-x-toggle=\"tab\" data-x-toggleable=\"tab-item-171-e171-13\" data-x-toggle-group=\"tab-group-e171-10\">\n            <span><p style=\"text-align: center;\"><a title=\"POL\u00cdTICA DE COOKIES\">3<\/a><\/p><\/span>\n          <\/button>\n        <\/li>\n\n      \n        \n        <li role=\"presentation\">\n          <button id=\"tab-171-e171-14\" class=\"e171-e171-14 \" role=\"tab\" aria-selected=\"false\" aria-controls=\"panel-171-e171-14\" data-x-toggle=\"tab\" data-x-toggleable=\"tab-item-171-e171-14\" data-x-toggle-group=\"tab-group-e171-10\">\n            <span><p style=\"text-align: center;\"><a title=\"INFORMACI\u00d3N ADICIONAL COOKIES\">4<\/a><\/p><\/span>\n          <\/button>\n        <\/li>\n\n      \n    <\/ul>\n  <\/div>\n\n  <div class=\"x-tabs-panels\">\n\n    \n      \n      <div class=\"e171-e171-11 x-tabs-panel  x-active \" role=\"tabpanel\" aria-labelledby=\"tab-171-e171-11\" aria-hidden=\"false\" data-x-toggleable=\"tab-item-171-e171-11\" id=\"panel-171-e171-11\">\n        <p style=\"text-align: center;\"><a title=\"AVISO A USUARIOS Y VISITANTES ACERCA DE LOS PERMISOS, CONSENTIMIENTO, ETC., NECESARIOS PARA ACCEDER A P\u00c1GINAS, PRODUCTOS, SERVICIOSS, ETC., EN BLUEPREVEN.ES\" href=\"aviso-legal\" target=\"_blank\" rel=\"noopener\">AVISO LEGAL<br \/>\nT\u00c9RMINOS Y CONDICIONES<\/a><\/p>      <\/div>\n\n    \n      \n      <div class=\"e171-e171-12 x-tabs-panel  \" role=\"tabpanel\" aria-labelledby=\"tab-171-e171-12\" aria-hidden=\"true\" data-x-toggleable=\"tab-item-171-e171-12\" id=\"panel-171-e171-12\">\n        <p style=\"text-align: center;\"><a TITLE=\"Vea nuestra Pol\u00edtica de Privacidad\" href=\"politica-de-privacidad\" target=\"_blank\" rel=\"noopener\">CONOZCA NUESTRA<br \/>\nPOLITICA DE PRIVACIDAD<\/a><\/p>      <\/div>\n\n    \n      \n      <div class=\"e171-e171-13 x-tabs-panel  \" role=\"tabpanel\" aria-labelledby=\"tab-171-e171-13\" aria-hidden=\"true\" data-x-toggleable=\"tab-item-171-e171-13\" id=\"panel-171-e171-13\">\n        <p style=\"text-align: center;\"><a title=\"POL\u00cdTICA y UTILIZACI\u00d3N DE COOKIES PROPIAS, NAVEGADORES Y SERVIDORES P\u00daBLICOS, DE TERCEROS, ETC.\" href=\"politica-de-cookies\/\" target=\"_blank\" rel=\"noopener\">POL\u00cdTICA DE COOKIES<\/a><\/p>      <\/div>\n\n    \n      \n      <div class=\"e171-e171-14 x-tabs-panel  \" role=\"tabpanel\" aria-labelledby=\"tab-171-e171-14\" aria-hidden=\"true\" data-x-toggleable=\"tab-item-171-e171-14\" id=\"panel-171-e171-14\">\n        <p style=\"text-align: center;\"><a title=\"TODOS LOS NAVEGADORES WEB Y P\u00c1GINAS UTILIZAN COOKIES.\" href=\"mas-informacion-sobre-las-cookies\/\" target=\"_blank\" rel=\"noopener\">INFORMACI\u00d3N ADICIONAL<br \/>\n\"COOKIES\u00a0 UTILIZADAS\"<\/a><\/p>      <\/div>\n\n    \n  <\/div>\n\n<\/div>\n<\/div>\n\n<div class=\"e171-15 x-column x-sm x-1-3\">\n    &nbsp;<\/div>\n<\/div>\n    <\/div>\n<\/div>\n\n<div class=\"twitter-share\"><a href=\"https:\/\/twitter.com\/intent\/tweet?via=bluepreven\" class=\"twitter-share-button\" data-size=\"large\">Twittear<\/a><\/div>\n","protected":false},"excerpt":{"rendered":"<p>&nbsp; USO P\u00daBLICO DE LA WEB\u00a0T\u00c9RMINOS LEGALES &nbsp; &nbsp; 1 2 3 4 AVISO LEGAL T\u00c9RMINOS Y CONDICIONES CONOZCA NUESTRA POLITICA DE PRIVACIDAD POL\u00cdTICA DE COOKIES INFORMACI\u00d3N ADICIONAL \u00abCOOKIES\u00a0 UTILIZADAS\u00bb &nbsp;<\/p>\n","protected":false},"author":1,"featured_media":0,"parent":0,"menu_order":0,"comment_status":"closed","ping_status":"closed","template":"","meta":{"_joinchat":[],"footnotes":""},"class_list":["post-171","page","type-page","status-publish","hentry"],"amp_enabled":true,"_links":{"self":[{"href":"https:\/\/bluepreven.es\/agesmed\/wp-json\/wp\/v2\/pages\/171","targetHints":{"allow":["GET"]}}],"collection":[{"href":"https:\/\/bluepreven.es\/agesmed\/wp-json\/wp\/v2\/pages"}],"about":[{"href":"https:\/\/bluepreven.es\/agesmed\/wp-json\/wp\/v2\/types\/page"}],"author":[{"embeddable":true,"href":"https:\/\/bluepreven.es\/agesmed\/wp-json\/wp\/v2\/users\/1"}],"replies":[{"embeddable":true,"href":"https:\/\/bluepreven.es\/agesmed\/wp-json\/wp\/v2\/comments?post=171"}],"version-history":[{"count":3,"href":"https:\/\/bluepreven.es\/agesmed\/wp-json\/wp\/v2\/pages\/171\/revisions"}],"predecessor-version":[{"id":1842,"href":"https:\/\/bluepreven.es\/agesmed\/wp-json\/wp\/v2\/pages\/171\/revisions\/1842"}],"wp:attachment":[{"href":"https:\/\/bluepreven.es\/agesmed\/wp-json\/wp\/v2\/media?parent=171"}],"curies":[{"name":"wp","href":"https:\/\/api.w.org\/{rel}","templated":true}]}}