{"id":143,"date":"2019-05-14T15:32:24","date_gmt":"2019-05-14T13:32:24","guid":{"rendered":"http:\/\/localhost\/webs06\/bluepreven\/?page_id=143"},"modified":"2019-06-30T17:44:02","modified_gmt":"2019-06-30T15:44:02","slug":"normas-ett","status":"publish","type":"page","link":"https:\/\/bluepreven.es\/agesmed\/normas-ett\/","title":{"rendered":"ETT"},"content":{"rendered":"<div id=\"cs-content\" class=\"cs-content\"  >\n<div class=\"e143-1 x-section\">\n      \n<div class=\"e143-2 x-container max width\">\n    \n<div class=\"e143-3 x-column x-sm x-1-3\">\n    &nbsp;<\/div>\n\n<div class=\"e143-4 x-column x-sm x-1-3\" data-fade=\"1\" data-x-element=\"column\" data-x-params=\"{&quot;fade&quot;:true}\" style=\"opacity: 0; transform: translate(0, -100px); transition-duration: 2.5s;\">\n    \n<div class=\"e143-5 x-text button x-acc-header button-title-pages0041 x-text-headline\">\n  <div class=\"x-text-content\"><div class=\"x-text-content-text\"><h1 class=\"x-text-content-text-primary\"><p style=\"text-align: center;\"><strong>TRABAJO TEMPORAL<\/strong><\/p><\/h1><span class=\"x-text-content-text-subheadline\"><p style=\"text-align: center;\"><span style=\"color: #ffffff;\">Recursos Humanos<\/span><\/p><\/span><\/div><\/div><\/div>\n<\/div>\n\n<div class=\"e143-6 x-column x-sm x-1-3\">\n    &nbsp;<\/div>\n<\/div>\n    <\/div>\n\n<div class=\"e143-7 x-section container\" id=\"section_accordions002\">\n  \n<span class=\"x-separator-top-curve-in\" style=\"top: 0px; height: 20px; color: rgb(30, 115, 190);\" aria-hidden=\"true\">\n  <svg class=\"curve-top-in\" style=\"fill: currentColor;\" xmlns=\"http:\/\/www.w3.org\/2000\/svg\" version=\"1.1\" viewBox=\"0 0 100 50\" preserveAspectRatio=\"none\"><path d=\"M0,0v50h50C22.4,50,0,0,0,0z\"\/><path d=\"M50,50h50V0C100,0,77.6,50,50,50z\"\/><\/svg><\/span>\n    \n<div class=\"e143-8 x-container item_row\" id=\"row_acorddions001\">\n    \n<div class=\"e143-9 x-column x-sm x-1-2 item_col\" id=\"column_accordion001\">\n    \n<div class=\"e143-10 x-acc item\" role=\"tablist\" id=\"accordion001\">\n  \n<div class=\"e143-11 x-acc-item\">\n  <button id=\"tab-e143-11\" class=\"x-acc-header x-active\" role=\"tab\" type=\"button\" aria-selected=\"true\" aria-expanded=\"true\" aria-controls=\"panel-e143-11\" data-x-toggle=\"collapse\" data-x-toggleable=\"e143-11\">\n    <span class=\"x-acc-header-content\">\n      <span class=\"x-acc-header-indicator\">&#x25b8;<\/span>      <span class=\"x-acc-header-text\"><p style=\"text-align: center;\"><strong>REAL DECRETO 216\/1999<\/strong><\/p><\/span>\n    <\/span>\n  <\/button>\n  <div id=\"panel-e143-11\" role=\"tabpanel\" aria-hidden=\"false\" aria-labelledby=\"tab-e143-11\" data-x-toggleable=\"e143-11\" data-x-toggle-collapse=\"1\">\n    <div class=\"x-acc-content\">\n      <p style=\"text-align: center;\"><a title=\"El R.D. 216\/1999, de fecha 5 de febrero de 1999, publicado en el \u00abBOE\u00bb n\u00fam. 47, de 24 de febrero de 1999, establece las Disposiciones M\u00ednimas de Seguridad y de Salud en el \u00e1mbito de las E.T.T.\" href=\"https:\/\/drive.google.com\/open?id=1h4mhTmElGKAkB37YiMZyT6q-KASXCwU5\" target=\"_blank\" rel=\"noopener\">Seguridad y Salud en las E.T.T.<\/a><\/p>    <\/div>\n  <\/div>\n<\/div>\n<\/div>\n<\/div>\n\n<div class=\"e143-12 x-column x-sm x-1-2 item_col\" id=\"column_accordion002\">\n    \n<div class=\"e143-13 x-acc item\" role=\"tablist\" id=\"accordion001\">\n  \n<div class=\"e143-14 x-acc-item\">\n  <button id=\"tab-e143-14\" class=\"x-acc-header x-active\" role=\"tab\" type=\"button\" aria-selected=\"true\" aria-expanded=\"true\" aria-controls=\"panel-e143-14\" data-x-toggle=\"collapse\" data-x-toggleable=\"e143-14\">\n    <span class=\"x-acc-header-content\">\n      <span class=\"x-acc-header-indicator\">&#x25b8;<\/span>      <span class=\"x-acc-header-text\"><p style=\"text-align: center;\"><strong>REAL DECRETO 171\/2004<\/strong><\/p><\/span>\n    <\/span>\n  <\/button>\n  <div id=\"panel-e143-14\" role=\"tabpanel\" aria-hidden=\"false\" aria-labelledby=\"tab-e143-14\" data-x-toggleable=\"e143-14\" data-x-toggle-collapse=\"1\">\n    <div class=\"x-acc-content\">\n      <p style=\"text-align: center;\"><a title=\"El R.D. 171\/2004, de fecha 30 de enero de 2004, publicado en el \u00abBOE\u00bb n\u00fam. 27, de 31 de enero de 2004, desarrolla el Art\u00edculo 24 de la LPRL en materia de Coordinaci\u00f3n de Actividades Empresariales\" href=\"https:\/\/drive.google.com\/open?id=1q0topMnvkqxxXQkGWyEHPy2XcAv-XA8e\" target=\"_blank\">Coordinaci\u00f3n de Actividades<\/a><\/p>    <\/div>\n  <\/div>\n<\/div>\n<\/div>\n<\/div>\n<\/div>\n    \n<span class=\"x-separator-bottom-curve-in\" style=\"bottom: 0px; height: 20px; color: rgb(30, 115, 190);\" aria-hidden=\"true\">\n  <svg class=\"curve-bottom-in\" style=\"fill: currentColor;\" xmlns=\"http:\/\/www.w3.org\/2000\/svg\" version=\"1.1\" viewBox=\"0 0 100 50\" preserveAspectRatio=\"none\"><path d=\"M0,50V0h50C22.4,0,0,50,0,50z\"\/><path d=\"M50,0h50v50C100,50,77.6,0,50,0z\"\/><\/svg><\/span>\n<\/div>\n<\/div>\n\n<div class=\"twitter-share\"><a href=\"https:\/\/twitter.com\/intent\/tweet?via=bluepreven\" class=\"twitter-share-button\" data-size=\"large\">Twittear<\/a><\/div>\n","protected":false},"excerpt":{"rendered":"<p>&nbsp; TRABAJO TEMPORALRecursos Humanos &nbsp; &#x25b8; REAL DECRETO 216\/1999 Seguridad y Salud en las E.T.T. &#x25b8; REAL DECRETO 171\/2004 Coordinaci\u00f3n de Actividades<\/p>\n","protected":false},"author":1,"featured_media":0,"parent":0,"menu_order":0,"comment_status":"closed","ping_status":"closed","template":"","meta":{"_joinchat":[],"footnotes":""},"class_list":["post-143","page","type-page","status-publish","hentry"],"amp_enabled":true,"_links":{"self":[{"href":"https:\/\/bluepreven.es\/agesmed\/wp-json\/wp\/v2\/pages\/143","targetHints":{"allow":["GET"]}}],"collection":[{"href":"https:\/\/bluepreven.es\/agesmed\/wp-json\/wp\/v2\/pages"}],"about":[{"href":"https:\/\/bluepreven.es\/agesmed\/wp-json\/wp\/v2\/types\/page"}],"author":[{"embeddable":true,"href":"https:\/\/bluepreven.es\/agesmed\/wp-json\/wp\/v2\/users\/1"}],"replies":[{"embeddable":true,"href":"https:\/\/bluepreven.es\/agesmed\/wp-json\/wp\/v2\/comments?post=143"}],"version-history":[{"count":3,"href":"https:\/\/bluepreven.es\/agesmed\/wp-json\/wp\/v2\/pages\/143\/revisions"}],"predecessor-version":[{"id":1604,"href":"https:\/\/bluepreven.es\/agesmed\/wp-json\/wp\/v2\/pages\/143\/revisions\/1604"}],"wp:attachment":[{"href":"https:\/\/bluepreven.es\/agesmed\/wp-json\/wp\/v2\/media?parent=143"}],"curies":[{"name":"wp","href":"https:\/\/api.w.org\/{rel}","templated":true}]}}